{"id":2471,"date":"2023-10-18T11:42:11","date_gmt":"2023-10-18T11:42:11","guid":{"rendered":"http:\/\/www.mstyrsovatc.cz\/?page_id=2471"},"modified":"2023-10-18T12:00:55","modified_gmt":"2023-10-18T12:00:55","slug":"obedy-do-skol","status":"publish","type":"page","link":"https:\/\/www.mstyrsovatc.cz\/?page_id=2471","title":{"rendered":"Ob\u011bdy do \u0161kol &#8211; bezplatn\u00e9 \u0161koln\u00ed stravov\u00e1n\u00ed"},"content":{"rendered":"<p><span style=\"color: #008000;\"><strong>Ob\u011bdy do \u0161kol v Plze\u0148sk\u00e9m kraji 2023\/2024<\/strong><\/span><\/p>\n<p>C\u00edlem Projektu je podpora a zaji\u0161t\u011bn\u00ed \u0161koln\u00edho stravov\u00e1n\u00ed d\u011bt\u00ed v mate\u0159sk\u00fdch \u0161kol\u00e1ch a \u017e\u00e1k\u016f v z\u00e1kladn\u00edch a st\u0159edn\u00edch \u0161kol\u00e1ch ve v\u011bkov\u00e9 kategorii 2 &#8211; 26 let, kte\u0159\u00ed jsou ohro\u017een\u00ed chudobou a materi\u00e1ln\u00ed nebo potravinovou deprivac\u00ed.<\/p>\n<p>C\u00edlovou skupinou Programu na zaji\u0161t\u011bn\u00ed bezplatn\u00e9ho \u0161koln\u00edho stravov\u00e1n\u00ed jsou d\u011bti z rodin ohro\u017een\u00fdch chudobou a materi\u00e1ln\u00ed deprivac\u00ed nav\u0161t\u011bvuj\u00edc\u00ed \u0161kolu. Do podpo\u0159en\u00e9 c\u00edlov\u00e9 skupiny budou d\u011bti za\u0159azeny na z\u00e1klad\u011b p\u0159\u00edjmov\u00e9 a soci\u00e1ln\u00ed situace rodiny, kter\u00e1 bude dolo\u017eena \u010cestn\u00fdm prohl\u00e1\u0161en\u00edm o p\u0159\u00edjmov\u00e9 a soci\u00e1ln\u00ed situaci za \u00fa\u010delem prominut\u00ed \u00faplaty za \u0161koln\u00ed stravov\u00e1n\u00ed pro \u0161koln\u00ed rok 2023\/2024 a potvrzen\u00edm o pob\u00edr\u00e1n\u00ed d\u00e1vek hmotn\u00e9 nouze &#8211; p\u0159\u00edsp\u011bvek na \u017eivobyt\u00ed, doplatek na bydlen\u00ed.<\/p>\n<p>V p\u0159\u00edpad\u011b z\u00e1jmu o bezplatn\u00e9 \u0161koln\u00ed stravov\u00e1n\u00ed p\u0159edlo\u017ete vypln\u011bn\u00e9 <span style=\"color: #008000;\"><a style=\"color: #008000;\" href=\"http:\/\/www.mstyrsovatc.cz\/wp-content\/uploads\/2023\/10\/cestne-prohlaseni-k-bezplatnemu-stravovani.docx\">cestne-prohlaseni-k-bezplatnemu-stravovani <\/a><\/span><\/p>\n<p><span style=\"color: #008000;\"><a style=\"color: #008000;\" href=\"http:\/\/www.mstyrsovatc.cz\/wp-content\/uploads\/2023\/10\/Ob\u011bdy-do-\u0161kol-publicita.pdf\">Ob\u011bdy do \u0161kol publicita<\/a><\/span><\/p>\n<p><img loading=\"lazy\" decoding=\"async\" class=\"alignnone wp-image-2479\" src=\"http:\/\/www.mstyrsovatc.cz\/wp-content\/uploads\/2023\/10\/Sn\u00edmek-obrazovky-2023-10-18-134707-300x200.png\" alt=\"\" width=\"707\" height=\"471\" srcset=\"https:\/\/www.mstyrsovatc.cz\/wp-content\/uploads\/2023\/10\/Sn\u00edmek-obrazovky-2023-10-18-134707-300x200.png 300w, https:\/\/www.mstyrsovatc.cz\/wp-content\/uploads\/2023\/10\/Sn\u00edmek-obrazovky-2023-10-18-134707-1024x681.png 1024w, https:\/\/www.mstyrsovatc.cz\/wp-content\/uploads\/2023\/10\/Sn\u00edmek-obrazovky-2023-10-18-134707-768x511.png 768w, https:\/\/www.mstyrsovatc.cz\/wp-content\/uploads\/2023\/10\/Sn\u00edmek-obrazovky-2023-10-18-134707.png 1323w\" sizes=\"auto, (max-width: 707px) 100vw, 707px\" \/><\/p>\n","protected":false},"excerpt":{"rendered":"<p>Ob\u011bdy do \u0161kol v Plze\u0148sk\u00e9m kraji 2023\/2024 C\u00edlem Projektu je podpora a zaji\u0161t\u011bn\u00ed \u0161koln\u00edho stravov\u00e1n\u00ed d\u011bt\u00ed v mate\u0159sk\u00fdch \u0161kol\u00e1ch a &hellip; <\/p>\n","protected":false},"author":1,"featured_media":0,"parent":1068,"menu_order":0,"comment_status":"closed","ping_status":"closed","template":"","meta":{"footnotes":""},"class_list":["post-2471","page","type-page","status-publish","hentry"],"yoast_head":"<!-- This site is optimized with the Yoast SEO plugin v14.7 - https:\/\/yoast.com\/wordpress\/plugins\/seo\/ -->\n<title>Ob\u011bdy do \u0161kol - bezplatn\u00e9 \u0161koln\u00ed stravov\u00e1n\u00ed - M\u0160 Tyr\u0161ova Tachov<\/title>\n<meta name=\"robots\" content=\"index, follow\" \/>\n<meta name=\"googlebot\" content=\"index, follow, max-snippet:-1, max-image-preview:large, max-video-preview:-1\" \/>\n<meta name=\"bingbot\" content=\"index, follow, max-snippet:-1, max-image-preview:large, max-video-preview:-1\" \/>\n<link rel=\"canonical\" href=\"http:\/\/www.mstyrsovatc.cz\/?page_id=2471\" \/>\n<meta property=\"og:locale\" content=\"cs_CZ\" \/>\n<meta property=\"og:type\" content=\"article\" \/>\n<meta property=\"og:title\" content=\"Ob\u011bdy do \u0161kol - bezplatn\u00e9 \u0161koln\u00ed stravov\u00e1n\u00ed - M\u0160 Tyr\u0161ova Tachov\" \/>\n<meta property=\"og:description\" content=\"Ob\u011bdy do \u0161kol v Plze\u0148sk\u00e9m kraji 2023\/2024 C\u00edlem Projektu je podpora a zaji\u0161t\u011bn\u00ed \u0161koln\u00edho stravov\u00e1n\u00ed d\u011bt\u00ed v mate\u0159sk\u00fdch \u0161kol\u00e1ch a &hellip;\" \/>\n<meta property=\"og:url\" content=\"http:\/\/www.mstyrsovatc.cz\/?page_id=2471\" \/>\n<meta property=\"og:site_name\" content=\"M\u0160 Tyr\u0161ova Tachov\" \/>\n<meta property=\"article:modified_time\" content=\"2023-10-18T12:00:55+00:00\" \/>\n<meta property=\"og:image\" content=\"http:\/\/www.mstyrsovatc.cz\/wp-content\/uploads\/2023\/10\/Sn\u00edmek-obrazovky-2023-10-18-134707-300x200.png\" \/>\n<meta name=\"twitter:card\" content=\"summary_large_image\" \/>\n<script type=\"application\/ld+json\" class=\"yoast-schema-graph\">{\"@context\":\"https:\/\/schema.org\",\"@graph\":[{\"@type\":[\"Person\",\"Organization\"],\"@id\":\"https:\/\/www.mstyrsovatc.cz\/#\/schema\/person\/9f73b07ad3eda6cbbd9b62821097625a\",\"name\":\"mstyrsovatc\",\"logo\":{\"@id\":\"https:\/\/www.mstyrsovatc.cz\/#personlogo\"}},{\"@type\":\"WebSite\",\"@id\":\"https:\/\/www.mstyrsovatc.cz\/#website\",\"url\":\"https:\/\/www.mstyrsovatc.cz\/\",\"name\":\"M\\u0160 Tyr\\u0161ova Tachov\",\"description\":\"\",\"publisher\":{\"@id\":\"https:\/\/www.mstyrsovatc.cz\/#\/schema\/person\/9f73b07ad3eda6cbbd9b62821097625a\"},\"potentialAction\":[{\"@type\":\"SearchAction\",\"target\":\"https:\/\/www.mstyrsovatc.cz\/?s={search_term_string}\",\"query-input\":\"required name=search_term_string\"}],\"inLanguage\":\"cs\"},{\"@type\":\"ImageObject\",\"@id\":\"http:\/\/www.mstyrsovatc.cz\/?page_id=2471#primaryimage\",\"inLanguage\":\"cs\",\"url\":\"http:\/\/www.mstyrsovatc.cz\/wp-content\/uploads\/2023\/10\/Sn\\u00edmek-obrazovky-2023-10-18-134707-300x200.png\"},{\"@type\":\"WebPage\",\"@id\":\"http:\/\/www.mstyrsovatc.cz\/?page_id=2471#webpage\",\"url\":\"http:\/\/www.mstyrsovatc.cz\/?page_id=2471\",\"name\":\"Ob\\u011bdy do \\u0161kol - bezplatn\\u00e9 \\u0161koln\\u00ed stravov\\u00e1n\\u00ed - M\\u0160 Tyr\\u0161ova Tachov\",\"isPartOf\":{\"@id\":\"https:\/\/www.mstyrsovatc.cz\/#website\"},\"primaryImageOfPage\":{\"@id\":\"http:\/\/www.mstyrsovatc.cz\/?page_id=2471#primaryimage\"},\"datePublished\":\"2023-10-18T11:42:11+00:00\",\"dateModified\":\"2023-10-18T12:00:55+00:00\",\"inLanguage\":\"cs\",\"potentialAction\":[{\"@type\":\"ReadAction\",\"target\":[\"http:\/\/www.mstyrsovatc.cz\/?page_id=2471\"]}]}]}<\/script>\n<!-- \/ Yoast SEO plugin. -->","_links":{"self":[{"href":"https:\/\/www.mstyrsovatc.cz\/index.php?rest_route=\/wp\/v2\/pages\/2471","targetHints":{"allow":["GET"]}}],"collection":[{"href":"https:\/\/www.mstyrsovatc.cz\/index.php?rest_route=\/wp\/v2\/pages"}],"about":[{"href":"https:\/\/www.mstyrsovatc.cz\/index.php?rest_route=\/wp\/v2\/types\/page"}],"author":[{"embeddable":true,"href":"https:\/\/www.mstyrsovatc.cz\/index.php?rest_route=\/wp\/v2\/users\/1"}],"replies":[{"embeddable":true,"href":"https:\/\/www.mstyrsovatc.cz\/index.php?rest_route=%2Fwp%2Fv2%2Fcomments&post=2471"}],"version-history":[{"count":5,"href":"https:\/\/www.mstyrsovatc.cz\/index.php?rest_route=\/wp\/v2\/pages\/2471\/revisions"}],"predecessor-version":[{"id":2482,"href":"https:\/\/www.mstyrsovatc.cz\/index.php?rest_route=\/wp\/v2\/pages\/2471\/revisions\/2482"}],"up":[{"embeddable":true,"href":"https:\/\/www.mstyrsovatc.cz\/index.php?rest_route=\/wp\/v2\/pages\/1068"}],"wp:attachment":[{"href":"https:\/\/www.mstyrsovatc.cz\/index.php?rest_route=%2Fwp%2Fv2%2Fmedia&parent=2471"}],"curies":[{"name":"wp","href":"https:\/\/api.w.org\/{rel}","templated":true}]}}