{"id":356,"date":"2020-08-30T13:55:43","date_gmt":"2020-08-30T13:55:43","guid":{"rendered":"http:\/\/www.mstyrsovatc.cz\/?page_id=356"},"modified":"2020-08-30T14:04:23","modified_gmt":"2020-08-30T14:04:23","slug":"nejdulezitejsi-pravni-predpisy","status":"publish","type":"page","link":"https:\/\/www.mstyrsovatc.cz\/?page_id=356","title":{"rendered":"Nejd\u016fle\u017eit\u011bj\u0161\u00ed pr\u00e1vn\u00ed p\u0159edpisy"},"content":{"rendered":"<p><strong>Nejd\u016fle\u017eit\u011bj\u0161\u00ed pr\u00e1vn\u00ed p\u0159edpisy<\/strong><\/p>\n<p>Z\u00e1kon o svobodn\u00e9m p\u0159\u00edstupu k informac\u00edm &#8211;\u00a0 <a href=\"https:\/\/www.zakonyprolidi.cz\/cs\/1999-106\" target=\"_blank\" rel=\"noopener noreferrer\">Z\u00e1kon \u010d.\u00a0106\/1999Sb., o\u00a0svobodn\u00e9m p\u0159\u00edstupu k\u00a0informac\u00edm<\/a><\/p>\n<p>\u0160kolsk\u00fd z\u00e1kon &#8211; <a href=\"https:\/\/www.zakonyprolidi.cz\/cs\/2004-561\" target=\"_blank\" rel=\"noopener noreferrer\">Z\u00e1kon \u010d.\u00a0561\/2004 Sb., \u0161kolsk\u00fd z\u00e1kon<\/a><\/p>\n<p>Vyhl\u00e1\u0161ka o p\u0159ed\u011bkoln\u00edm vzd\u011bl\u00e1v\u00e1n\u00ed &#8211; <a href=\"https:\/\/www.zakonyprolidi.cz\/cs\/2005-14\" target=\"_blank\" rel=\"noopener noreferrer\">Vyhl\u00e1\u0161ka \u010d.\u00a014\/2005 Sb., o\u00a0p\u0159ed\u0161koln\u00edm vzd\u011bl\u00e1v\u00e1n\u00ed<\/a><\/p>\n<p>Vyhl\u00e1\u0161ka o \u0161koln\u00edm stravov\u00e1n\u00ed &#8211; <a href=\"https:\/\/www.zakonyprolidi.cz\/cs\/2005-107\">Vyhl\u00e1\u0161ka \u010d. 14\/2005 Sb<\/a><\/p>\n","protected":false},"excerpt":{"rendered":"<p>Nejd\u016fle\u017eit\u011bj\u0161\u00ed pr\u00e1vn\u00ed p\u0159edpisy Z\u00e1kon o svobodn\u00e9m p\u0159\u00edstupu k informac\u00edm &#8211;\u00a0 Z\u00e1kon \u010d.\u00a0106\/1999Sb., o\u00a0svobodn\u00e9m p\u0159\u00edstupu k\u00a0informac\u00edm \u0160kolsk\u00fd z\u00e1kon &#8211; Z\u00e1kon \u010d.\u00a0561\/2004 &hellip; <\/p>\n","protected":false},"author":1,"featured_media":0,"parent":16,"menu_order":0,"comment_status":"closed","ping_status":"closed","template":"","meta":{"footnotes":""},"class_list":["post-356","page","type-page","status-publish","hentry"],"yoast_head":"<!-- This site is optimized with the Yoast SEO plugin v14.7 - https:\/\/yoast.com\/wordpress\/plugins\/seo\/ -->\n<title>Nejd\u016fle\u017eit\u011bj\u0161\u00ed pr\u00e1vn\u00ed p\u0159edpisy - M\u0160 Tyr\u0161ova Tachov<\/title>\n<meta name=\"robots\" content=\"index, follow\" \/>\n<meta name=\"googlebot\" content=\"index, follow, max-snippet:-1, max-image-preview:large, max-video-preview:-1\" \/>\n<meta name=\"bingbot\" content=\"index, follow, max-snippet:-1, max-image-preview:large, max-video-preview:-1\" \/>\n<link rel=\"canonical\" href=\"http:\/\/www.mstyrsovatc.cz\/?page_id=356\" \/>\n<meta property=\"og:locale\" content=\"cs_CZ\" \/>\n<meta property=\"og:type\" content=\"article\" \/>\n<meta property=\"og:title\" content=\"Nejd\u016fle\u017eit\u011bj\u0161\u00ed pr\u00e1vn\u00ed p\u0159edpisy - M\u0160 Tyr\u0161ova Tachov\" \/>\n<meta property=\"og:description\" content=\"Nejd\u016fle\u017eit\u011bj\u0161\u00ed pr\u00e1vn\u00ed p\u0159edpisy Z\u00e1kon o svobodn\u00e9m p\u0159\u00edstupu k informac\u00edm &#8211;\u00a0 Z\u00e1kon \u010d.\u00a0106\/1999Sb., o\u00a0svobodn\u00e9m p\u0159\u00edstupu k\u00a0informac\u00edm \u0160kolsk\u00fd z\u00e1kon &#8211; Z\u00e1kon \u010d.\u00a0561\/2004 &hellip;\" \/>\n<meta property=\"og:url\" content=\"http:\/\/www.mstyrsovatc.cz\/?page_id=356\" \/>\n<meta property=\"og:site_name\" content=\"M\u0160 Tyr\u0161ova Tachov\" \/>\n<meta property=\"article:modified_time\" content=\"2020-08-30T14:04:23+00:00\" \/>\n<meta name=\"twitter:card\" content=\"summary_large_image\" \/>\n<script type=\"application\/ld+json\" class=\"yoast-schema-graph\">{\"@context\":\"https:\/\/schema.org\",\"@graph\":[{\"@type\":[\"Person\",\"Organization\"],\"@id\":\"https:\/\/www.mstyrsovatc.cz\/#\/schema\/person\/9f73b07ad3eda6cbbd9b62821097625a\",\"name\":\"mstyrsovatc\",\"logo\":{\"@id\":\"https:\/\/www.mstyrsovatc.cz\/#personlogo\"}},{\"@type\":\"WebSite\",\"@id\":\"https:\/\/www.mstyrsovatc.cz\/#website\",\"url\":\"https:\/\/www.mstyrsovatc.cz\/\",\"name\":\"M\\u0160 Tyr\\u0161ova Tachov\",\"description\":\"\",\"publisher\":{\"@id\":\"https:\/\/www.mstyrsovatc.cz\/#\/schema\/person\/9f73b07ad3eda6cbbd9b62821097625a\"},\"potentialAction\":[{\"@type\":\"SearchAction\",\"target\":\"https:\/\/www.mstyrsovatc.cz\/?s={search_term_string}\",\"query-input\":\"required name=search_term_string\"}],\"inLanguage\":\"cs\"},{\"@type\":\"WebPage\",\"@id\":\"http:\/\/www.mstyrsovatc.cz\/?page_id=356#webpage\",\"url\":\"http:\/\/www.mstyrsovatc.cz\/?page_id=356\",\"name\":\"Nejd\\u016fle\\u017eit\\u011bj\\u0161\\u00ed pr\\u00e1vn\\u00ed p\\u0159edpisy - M\\u0160 Tyr\\u0161ova Tachov\",\"isPartOf\":{\"@id\":\"https:\/\/www.mstyrsovatc.cz\/#website\"},\"datePublished\":\"2020-08-30T13:55:43+00:00\",\"dateModified\":\"2020-08-30T14:04:23+00:00\",\"inLanguage\":\"cs\",\"potentialAction\":[{\"@type\":\"ReadAction\",\"target\":[\"http:\/\/www.mstyrsovatc.cz\/?page_id=356\"]}]}]}<\/script>\n<!-- \/ Yoast SEO plugin. -->","_links":{"self":[{"href":"https:\/\/www.mstyrsovatc.cz\/index.php?rest_route=\/wp\/v2\/pages\/356","targetHints":{"allow":["GET"]}}],"collection":[{"href":"https:\/\/www.mstyrsovatc.cz\/index.php?rest_route=\/wp\/v2\/pages"}],"about":[{"href":"https:\/\/www.mstyrsovatc.cz\/index.php?rest_route=\/wp\/v2\/types\/page"}],"author":[{"embeddable":true,"href":"https:\/\/www.mstyrsovatc.cz\/index.php?rest_route=\/wp\/v2\/users\/1"}],"replies":[{"embeddable":true,"href":"https:\/\/www.mstyrsovatc.cz\/index.php?rest_route=%2Fwp%2Fv2%2Fcomments&post=356"}],"version-history":[{"count":6,"href":"https:\/\/www.mstyrsovatc.cz\/index.php?rest_route=\/wp\/v2\/pages\/356\/revisions"}],"predecessor-version":[{"id":364,"href":"https:\/\/www.mstyrsovatc.cz\/index.php?rest_route=\/wp\/v2\/pages\/356\/revisions\/364"}],"up":[{"embeddable":true,"href":"https:\/\/www.mstyrsovatc.cz\/index.php?rest_route=\/wp\/v2\/pages\/16"}],"wp:attachment":[{"href":"https:\/\/www.mstyrsovatc.cz\/index.php?rest_route=%2Fwp%2Fv2%2Fmedia&parent=356"}],"curies":[{"name":"wp","href":"https:\/\/api.w.org\/{rel}","templated":true}]}}