{"id":3647,"date":"2025-09-15T11:57:27","date_gmt":"2025-09-15T11:57:27","guid":{"rendered":"http:\/\/www.mstyrsovatc.cz\/?page_id=3647"},"modified":"2026-03-23T17:03:40","modified_gmt":"2026-03-23T17:03:40","slug":"obedy-do-skol-bezplatne-skolni-stravovani","status":"publish","type":"page","link":"https:\/\/www.mstyrsovatc.cz\/?page_id=3647","title":{"rendered":"Ob\u011bdy do \u0161kol 2025\/2026 \u2013 bezplatn\u00e9 \u0161koln\u00ed stravov\u00e1n\u00ed"},"content":{"rendered":"<p><span style=\"color: #008000;\">Projekt Ob\u011bdy do \u0161kol v Plze\u0148sk\u00e9m kraji 2025-2027<\/span><\/p>\n<p>C\u00edlem projektu je zaji\u0161t\u011bn\u00ed \u0161koln\u00edho stravov\u00e1n\u00ed d\u011bt\u00ed M\u0160, \u017e\u00e1k\u016f Z\u0160<br \/>\na student\u016f S\u0160 ve v\u011bku 2-26 let, kte\u0159\u00ed jsou ohro\u017eeni chudobou,<br \/>\nmateri\u00e1ln\u00ed \u010di potravinovou deprivac\u00ed.<\/p>\n<p><span style=\"color: #008000;\"><a style=\"color: #008000;\" href=\"http:\/\/www.mstyrsovatc.cz\/wp-content\/uploads\/2025\/09\/PLAK\u00c1T_PUBLICITY_OB\u011aDY_DO_\u0160KOL_2025_2027.pdf\">PLAK\u00c1T_PUBLICITY_OB\u011aDY_DO_\u0160KOL_2025_2027<\/a><\/span><\/p>\n<p><img loading=\"lazy\" decoding=\"async\" class=\"alignnone  wp-image-3791\" src=\"http:\/\/www.mstyrsovatc.cz\/wp-content\/uploads\/2026\/03\/Screenshot_20260323_180009_OneDrive-214x300.jpg\" alt=\"\" width=\"505\" height=\"708\" srcset=\"https:\/\/www.mstyrsovatc.cz\/wp-content\/uploads\/2026\/03\/Screenshot_20260323_180009_OneDrive-214x300.jpg 214w, https:\/\/www.mstyrsovatc.cz\/wp-content\/uploads\/2026\/03\/Screenshot_20260323_180009_OneDrive-731x1024.jpg 731w, https:\/\/www.mstyrsovatc.cz\/wp-content\/uploads\/2026\/03\/Screenshot_20260323_180009_OneDrive-768x1075.jpg 768w, https:\/\/www.mstyrsovatc.cz\/wp-content\/uploads\/2026\/03\/Screenshot_20260323_180009_OneDrive.jpg 1079w\" sizes=\"auto, (max-width: 505px) 100vw, 505px\" \/><\/p>\n<p>&nbsp;<\/p>\n","protected":false},"excerpt":{"rendered":"<p>Projekt Ob\u011bdy do \u0161kol v Plze\u0148sk\u00e9m kraji 2025-2027 C\u00edlem projektu je zaji\u0161t\u011bn\u00ed \u0161koln\u00edho stravov\u00e1n\u00ed d\u011bt\u00ed M\u0160, \u017e\u00e1k\u016f Z\u0160 a student\u016f &hellip; <\/p>\n","protected":false},"author":1,"featured_media":0,"parent":1068,"menu_order":0,"comment_status":"closed","ping_status":"closed","template":"","meta":{"footnotes":""},"class_list":["post-3647","page","type-page","status-publish","hentry"],"yoast_head":"<!-- This site is optimized with the Yoast SEO plugin v14.7 - https:\/\/yoast.com\/wordpress\/plugins\/seo\/ -->\n<title>Ob\u011bdy do \u0161kol 2025\/2026 \u2013 bezplatn\u00e9 \u0161koln\u00ed stravov\u00e1n\u00ed - M\u0160 Tyr\u0161ova Tachov<\/title>\n<meta name=\"robots\" content=\"index, follow\" \/>\n<meta name=\"googlebot\" content=\"index, follow, max-snippet:-1, max-image-preview:large, max-video-preview:-1\" \/>\n<meta name=\"bingbot\" content=\"index, follow, max-snippet:-1, max-image-preview:large, max-video-preview:-1\" \/>\n<link rel=\"canonical\" href=\"https:\/\/www.mstyrsovatc.cz\/?page_id=3647\" \/>\n<meta property=\"og:locale\" content=\"cs_CZ\" \/>\n<meta property=\"og:type\" content=\"article\" \/>\n<meta property=\"og:title\" content=\"Ob\u011bdy do \u0161kol 2025\/2026 \u2013 bezplatn\u00e9 \u0161koln\u00ed stravov\u00e1n\u00ed - M\u0160 Tyr\u0161ova Tachov\" \/>\n<meta property=\"og:description\" content=\"Projekt Ob\u011bdy do \u0161kol v Plze\u0148sk\u00e9m kraji 2025-2027 C\u00edlem projektu je zaji\u0161t\u011bn\u00ed \u0161koln\u00edho stravov\u00e1n\u00ed d\u011bt\u00ed M\u0160, \u017e\u00e1k\u016f Z\u0160 a student\u016f &hellip;\" \/>\n<meta property=\"og:url\" content=\"https:\/\/www.mstyrsovatc.cz\/?page_id=3647\" \/>\n<meta property=\"og:site_name\" content=\"M\u0160 Tyr\u0161ova Tachov\" \/>\n<meta property=\"article:modified_time\" content=\"2026-03-23T17:03:40+00:00\" \/>\n<meta property=\"og:image\" content=\"http:\/\/www.mstyrsovatc.cz\/wp-content\/uploads\/2026\/03\/Screenshot_20260323_180009_OneDrive-214x300.jpg\" \/>\n<meta name=\"twitter:card\" content=\"summary_large_image\" \/>\n<script type=\"application\/ld+json\" class=\"yoast-schema-graph\">{\"@context\":\"https:\/\/schema.org\",\"@graph\":[{\"@type\":[\"Person\",\"Organization\"],\"@id\":\"https:\/\/www.mstyrsovatc.cz\/#\/schema\/person\/9f73b07ad3eda6cbbd9b62821097625a\",\"name\":\"mstyrsovatc\",\"logo\":{\"@id\":\"https:\/\/www.mstyrsovatc.cz\/#personlogo\"}},{\"@type\":\"WebSite\",\"@id\":\"https:\/\/www.mstyrsovatc.cz\/#website\",\"url\":\"https:\/\/www.mstyrsovatc.cz\/\",\"name\":\"M\\u0160 Tyr\\u0161ova Tachov\",\"description\":\"\",\"publisher\":{\"@id\":\"https:\/\/www.mstyrsovatc.cz\/#\/schema\/person\/9f73b07ad3eda6cbbd9b62821097625a\"},\"potentialAction\":[{\"@type\":\"SearchAction\",\"target\":\"https:\/\/www.mstyrsovatc.cz\/?s={search_term_string}\",\"query-input\":\"required name=search_term_string\"}],\"inLanguage\":\"cs\"},{\"@type\":\"ImageObject\",\"@id\":\"https:\/\/www.mstyrsovatc.cz\/?page_id=3647#primaryimage\",\"inLanguage\":\"cs\",\"url\":\"http:\/\/www.mstyrsovatc.cz\/wp-content\/uploads\/2026\/03\/Screenshot_20260323_180009_OneDrive-214x300.jpg\"},{\"@type\":\"WebPage\",\"@id\":\"https:\/\/www.mstyrsovatc.cz\/?page_id=3647#webpage\",\"url\":\"https:\/\/www.mstyrsovatc.cz\/?page_id=3647\",\"name\":\"Ob\\u011bdy do \\u0161kol 2025\/2026 \\u2013 bezplatn\\u00e9 \\u0161koln\\u00ed stravov\\u00e1n\\u00ed - M\\u0160 Tyr\\u0161ova Tachov\",\"isPartOf\":{\"@id\":\"https:\/\/www.mstyrsovatc.cz\/#website\"},\"primaryImageOfPage\":{\"@id\":\"https:\/\/www.mstyrsovatc.cz\/?page_id=3647#primaryimage\"},\"datePublished\":\"2025-09-15T11:57:27+00:00\",\"dateModified\":\"2026-03-23T17:03:40+00:00\",\"inLanguage\":\"cs\",\"potentialAction\":[{\"@type\":\"ReadAction\",\"target\":[\"https:\/\/www.mstyrsovatc.cz\/?page_id=3647\"]}]}]}<\/script>\n<!-- \/ Yoast SEO plugin. -->","_links":{"self":[{"href":"https:\/\/www.mstyrsovatc.cz\/index.php?rest_route=\/wp\/v2\/pages\/3647","targetHints":{"allow":["GET"]}}],"collection":[{"href":"https:\/\/www.mstyrsovatc.cz\/index.php?rest_route=\/wp\/v2\/pages"}],"about":[{"href":"https:\/\/www.mstyrsovatc.cz\/index.php?rest_route=\/wp\/v2\/types\/page"}],"author":[{"embeddable":true,"href":"https:\/\/www.mstyrsovatc.cz\/index.php?rest_route=\/wp\/v2\/users\/1"}],"replies":[{"embeddable":true,"href":"https:\/\/www.mstyrsovatc.cz\/index.php?rest_route=%2Fwp%2Fv2%2Fcomments&post=3647"}],"version-history":[{"count":4,"href":"https:\/\/www.mstyrsovatc.cz\/index.php?rest_route=\/wp\/v2\/pages\/3647\/revisions"}],"predecessor-version":[{"id":3792,"href":"https:\/\/www.mstyrsovatc.cz\/index.php?rest_route=\/wp\/v2\/pages\/3647\/revisions\/3792"}],"up":[{"embeddable":true,"href":"https:\/\/www.mstyrsovatc.cz\/index.php?rest_route=\/wp\/v2\/pages\/1068"}],"wp:attachment":[{"href":"https:\/\/www.mstyrsovatc.cz\/index.php?rest_route=%2Fwp%2Fv2%2Fmedia&parent=3647"}],"curies":[{"name":"wp","href":"https:\/\/api.w.org\/{rel}","templated":true}]}}